*z - 1615. What is k(-90)?
5
Let c(g) = 1608*g + 7999. Calculate c(-5).
-41
Let i(k) = k**3 + 11*k**2 + 8*k - 3. Give i(-10).
17
Let n(v) = -v**2 - 25*v - 41. What is n(-7)?
85
Let b(l) = -l**3 + 4*l**2 + 65*l + 15. What is b(-6)?
-15
Let n(l) = 13*l + 390. Give n(-35).
-65
Let l(t) = t**3 + 2*t**2 - 33*t - 31. What is l(-9)?
-301
Let g(m) = -10*m**2 - 64*m - 42. Give g(-8).
-170
Let h(a) = -4*a**3 - 32*a**2 - 3*a - 8. What is h(-8)?
16
Let g(f) = -2*f**3 - 19*f**2 - 27*f - 9. Calculate g(-8).
15
Let c(q) = -55*q**2 + 167*q - 6. Determine c(3).
0
Let x(o) = -o**2 + 55*o - 446. What is x(46)?
-32
Let z(u) = -u - 75. Determine z(38).
-113
Let y(w) = 26*w + 689. Calculate y(-31).
-117
Let a(f) = -66*f - 3055. Calculate a(-46).
-19
Let x(b) = 307*b - 1188. Give x(4).
40
Let w(r) = -5*r**2 + 161*r - 456. What is w(29)?
8
Let i(p) = p**3 - 239*p**2 - 4080*p + 14. What is i(255)?
14
Let v(r) = -70*r - 445. Give v(-10).
255
Let c(y) = 12*y + 1146. What is c(-59)?
438
Let i(z) = z**2 + 123*z - 1300. Give i(11).
174
Let p(k) = -k**3 + 3*k**2 + 11*k + 16. What is p(4)?
44
Let n(v) = 3*v**3 - 350*v**2 - 118*v + 108. What is n(117)?
-9
Let l(c) = 2*c**2 + 114*c - 417. Determine l(-60).
-57
Let u(t) = -200*t - 35. Determine u(0).
-35
Let m(t) = -t**3 - 9*t**2 - 26*t - 12. What is m(-7)?
72
Let y(d) = 128*d + 1153. Determine y(-9).
1
Let d(q) = q**3 + 6*q**2 - 9*q - 25. Calculate d(-7).
-11
Let a(h) = h**2 - 22*h - 90. Determine a(25).
-15
Let p(z) = -z + 24. Calculate p(1).
23
Let j(t) = -t**2 - 26*t - 65. Give j(-20).
55
Let n(g) = -g**3 - 5*g**2 + 11*g + 4. Give n(-6).
-26
Let f(p) = -p**3 + 20*p**2 + 36*p + 167. Give f(22).
-9
Let v(q) = 10*q**2 + 484*q + 645. Determine v(-47).
-13
Let y(m) = -57*m - 783. Give y(-15).
72
Let u(b) = 3*b**2 + 67*b + 292. What is u(-13)?
-72
Let y(x) = -175*x + 6677. Calculate y(37).
202
Let q(y) = -y**3 - 5*y**2 + 5*y - 7. Give q(-6).
-1
Let c(x) = -14023*x - 140235. Determine c(-10).
-5
Let c(f) = 4*f**3 - 10*f**2 - 14*f - 3. Determine c(5).
177
Let a(c) = 111*c + 3479. Calculate a(-33).
-184
Let c(o) = 7*o - 265. What is c(36)?
-13
Let c(a) = -2*a**2 - 24*a + 967. Determine c(17).
-19
Let v(r) = 11*r + 29. What is v(-2)?
7
Let x(t) = -t**2 - 39*t - 249. Determine x(-30).
21
Let a(l) = 867*l + 13920. Determine a(-16).
48
Let q(b) = 21*b**2 - 5*b - 145. Calculate q(0).
-145
Let b(s) = -11*s**2 + 6*s + 4. Calculate b(5).
-241
Let c(z) = -z**3 + 18*z**2 - 87*z + 112. Give c(11).
2
Let u(b) = 4*b**2 + 725*b + 2996. What is u(-177)?
-13
Let o(a) = 98*a - 4440. Calculate o(45).
-30
Let z(c) = -22*c - 555. Calculate z(-25).
-5
Let k(i) = 2*i**3 + 7*i**2 - 9*i - 57. Give k(-3).
-21
Let n(l) = 12*l + 794. Calculate n(-57).
110
Let h(t) = -t**3 - 19*t**2 - 33*t - 63. Determine h(-17).
-80
Let h(o) = 30*o - 146. Determine h(9).
124
Let y(b) = 639*b + 45379. Determine y(-71).
10
Let h(j) = -62*j - 426. Calculate h(-7).
8
Let d(t) = 41*t**2 - 449*t - 13. Calculate d(11).
9
Let v(k) = -23*k**2 - 1036*k + 2107. Give v(-47).
-8
Let n(w) = -17*w + 170. Determine n(10).
0
Let r(i) = -61*i - 848. Give r(-14).
6
Let w(t) = 2*t**2 - 233*t + 4508. Determine w(92).
0
Let a(b) = -20*b - 11. Calculate a(6).
-131
Let g(p) = -28*p + 679. Give g(27).
-77
Let w(c) = c**2 - 106*c - 795. What is w(113)?
-4
Let h(v) = 26*v**2 - 10*v - 1. Determine h(1).
15
Let m(z) = -7*z**2 + 263*z - 160. Give m(37).
-12
Let p(c) = 10*c**3 - 75*c**2 - 136*c - 6. What is p(9)?
-15
Let n(d) = 77*d**2 + 230*d + 3. Calculate n(-3).
6
Let a(j) = 3713*j - 77978. Calculate a(21).
-5
Let p(y) = 23261*y + 348906. Give p(-15).
-9
Let f(w) = w**3 + 13*w**2 + 14*w - 34. What is f(-11)?
54
Let x(u) = -19*u**2 - 303*u + 26. Give x(-16).
10
Let t(f) = 5*f**3 + 204*f**2 - 413*f + 3. Calculate t(2).
33
Let b(i) = 36*i + 140. Give b(-6).
-76
Let m(v) = -v**2 + 8*v + 36. Calculate m(11).
3
Let f(o) = o - 109. What is f(-16)?
-125
Let c(m) = -1057*m - 71873. What is c(-68)?
3
Let q(o) = 7*o + 76. Calculate q(-14).
-22
Let c(s) = -s**2 + 26*s - 69. Calculate c(19).
64
Let u(n) = n**3 + 16*n**2 + 62*n + 37. Give u(-10).
17
Let p(d) = 565*d - 5166. Determine p(9).
-81
Let d(p) = 7*p**3 - 42*p**2 + 3*p - 21. What is d(6)?
-3
Let g(y) = y**3 - y**2 + 15*y + 28. Calculate g(-2).
-14
Let n(g) = -40*g + 521. Give n(13).
1
Let s(a) = -88609*a + 443045. Calculate s(5).
0
Let u(z) = 157*z - 329. Determine u(2).
-15
Let b(g) = -291*g - 42. Determine b(0).
-42
Let p(y) = 22249*y + 44485. Determine p(-2).
-13
Let y(m) = -4*m**2 - 6*m + 26. Determine y(8).
-278
Let b(l) = 22*l - 88. What is b(3)?
-22
Let h(z) = -33*z**2 - 305*z + 616. Determine h(2).
-126
Let j(p) = -p**3 - 10*p**2 + 6*p - 59. Calculate j(-11).
-4
Let m(r) = -6*r + 10. Give m(2).
-2
Let c(k) = -16*k + 5. Give c(0).
5
Let m(g) = g**2 - 8*g - 21. What is m(10)?
-1
Let c(y) = y**3 + 46*y**2 - 44*y - 280. Calculate c(-47).
-421
Let z(m) = -m**2 - 448*m - 7331. What is z(-17)?
-4
Let w(n) = -602*n - 4222. Determine w(-7).
-8
Let l(f) = -2*f**2 - 8405*f - 16804. Calculate l(-2).
-2
Let h(m) = m**3 - 14*m**2 + 28*m + 39. Calculate h(7).
-108
Let g(t) = -6*t**3 - 35*t**2 + 5*t - 14. Determine g(-6).
-8
Let d(n) = -25*n - 898. Give d(-36).
2
Let i(v) = 2016*v + 34287. Give i(-17).
15
Let b(r) = 34*r - 2273. Determine b(68).
39
Let d(r) = 26*r**2 + 2*r - 5. Determine d(1).
23
Let n(w) = -9*w**2 - 63*w + 16. Determine n(-7).
16
Let t(u) = -u**3 - 12*u**2 - 8*u + 38. What is t(-11)?
5
Let u(j) = 37*j**2 + 4*j - 19. Give u(3).
326
Let u(m) = -m**2 + 65*m - 448. Calculate u(8).
8
Let r(m) = -168*m + 498. Calculate r(3).
-6
Let l(i) = 32*i + 1566. What is l(-45)?
126
Let t(h) = -8*h**2 - 7*h - 1. Determine t(-4).
-101
Let t(x) = 9*x + 550. What is t(-59)?
19
Let l(p) = -2*p**2 + 50*p - 186. Calculate l(4).
-18
Let x(k) = 120*k + 74. Determine x(-2).
-166
Let l(h) = -h**3 + 75*h**2 + 290*h - 4393. Calculate l(78).
-25
Let s(b) = b**2 + 91*b + 1252. What is s(-74)?
-6
Let s(i) = i**2 + 26*i + 10. Determine s(10).
370
Let a(z) = -4*z - 224. What is a(-63)?
28
Let c(y) = -40*y**2 - 5*y - 7. Give c(-3).
-352
Let t(m) = 11*m**3 - 37*m**2 + 8*m - 2. What is t(3)?
-14
Let h(b) = 2*b**3 + 13*b**2 - 50*b - 1. Calculate h(3).
20
Let l(x) = x**2 - 252*x + 506. Determine l(2).
6
Let m(l) = -14*l**3 + 3*l**2 - 8*l + 5. Give m(1).
-14
Let q(r) = -6*r - 54. Give q(-7).
-12
Let j(y) = -2*y**3 + 12*y**2 - 21*y + 61. Determine j(0).
61
Let q(f) = -3*f**3 + 75*f**2 - 13*f + 339. Give q(25).
14
Let j(r) = r**2 + 173*r + 2658. Determine j(-17).
6
Let r(u) = -29*u**2 + 2*u + 2. What is r(-1)?
-29
Let d(r) = -5*r**2 + 106*r - 695. What is d(12)?
-143
Let l(u) = -8*u**2 + 14*u - 21. What is l(5)?
-151
Let y(n) = n**3 + 26*n**2 + 126*n + 37. Determine y(-20).
-83
Let s(y) = -2*y**2 + 101*y - 112. What is s(49)?
35
Let x(z) = -z**2 - 137*z + 3494. What is x(22)?
-4
Let x(h) = 26*h - 1078. Calculate x(42).
14
Let f(b) = 5*b**3 - 157*b**2 + 60*b + 53. Give f(31).
-9
Let n(u) = u**3 + 24*u**2 - 33*u - 90. Give n(-25).
110
Let s(q) = -2*q**2 + 4*q + 335. Determine s(16).
-113
Let i(h) = 2*h**3 - 36*h - 133. Calculate i(-4).
-117
Let c(j) = -j**3 - 24*j**2 + 65*j - 236. Give c(-27).
196
Let b(p) = -2*p**2 - 11*p - 31. Determine b(-5).
-26
Let t(p) = -p**3 + 9*p**2 - 17*p - 50. Give t(8).
-122
Let y(l) = -5*l**2 - 1027*l + 652. What is y(-206)?
34
Let t(f) = f**3 - 31*f**2 - 128*f - 411. Determine t(35).
9
Let h(j) = -j**3 - 4*j**2 + j - 276. What is h(0)?
-276
Let w(v) = -v**3 + 13*v**2 - 84. What is w(11)?
158
Let v(k) = 3*k**3 + 48*k**2 - 54*k - 33. What is v(-17)?
18
Let l(d) = d**3 + 9*d**2 + 7*d + 25. What is l(-7)?
74
Let a(n) = 3*n**3 - 173*n**2 - 56*n - 2. Calculate a(58).
114
Let f(t) = 162*t - 1033. Give f(7).
101
Let f(y) = -y**3 + 10*y**2 + 62*y - 425. Calculate f(5).
10
Let o(i) = -540*i + 544. Give o(1).
4
Let s(i) = i**3 - 5*i**2 - 55*i + 278. What is s(6)?
-16
Let y(v) = -4*v**2 - 65*v + 1486. Determine y(-29).
7
Let t(g) = 2*g**2 + 144*g - 3779. What is t(-93)?
127
Let s(z) = 27*z**2 + 15*z - 16. Give s(1).
26
Let r(s) = s**3 - 14*s**2 + s - 12. Determine r(5).
-232
Let g(r) = 3*r**3 - 240*r**2 + 694*r - 81. Give g(77).
-4
Let i(n) = -991*n - 39643. Calculate i(-40).
-3
Let o(w) = w**2 - 96*w - 36. Determine o(93).
-315
Let a(d) = 2*d**2 + 30*d + 121. Calculate